(r). Let c(g) = g**2 - 2*g + 1. Calculate c(o).
0
Let i(x) = -2*x**2 + 4. Suppose -17*j + 26 = -8. Calculate i(j).
-4
Let z(l) = 3*l - 15 - 7*l + 3*l. Give z(-11).
-4
Let j(h) be the first derivative of -7*h**2/2 + 3*h + 250. What is j(-2)?
17
Let d(z) be the third derivative of z**6/20 + 164*z**2. Give d(-1).
-6
Let h(y) = -y**2 + 9*y + 6. Let u be 7 - (-8 + -3 + 9). Calculate h(u).
6
Let f(y) = -3 - y - 4*y + 3*y. Let n be (-4*(-3)/(-15))/((-4)/10). Let z be n - (-12)/(-9) - 16/6. Give f(z).
1
Suppose 10 = 129*k - 131*k. Let u(l) = -l**3 - 6*l**2 - 8*l - 7. Determine u(k).
8
Let v = -46 - -50. Let x(g) = -1 - v - 7 - 3*g + 2*g. Determine x(-12).
0
Let b(d) = 916*d + 923. Let a be b(-1). Let h(i) be the third derivative of i**5/60 - i**4/6 - 3*i**3/2 - i**2. Determine h(a).
12
Let v be 3*1/6*-2. Let l(z) be the first derivative of 4*z**3/3 - z - 498. Give l(v).
3
Let n(c) = c**3 - 3*c**2 - 2*c + 3. Suppose 3*g - 45 = 3*t, -1 = g + 4. Let p = t - -24. What is n(p)?
11
Let m(b) = b**2 - 5*b + 4. Let t be (-18)/4*(-52)/78. What is m(t)?
-2
Suppose 21 = 4*i + 9. Let x(a) be the second derivative of -9/2*a**2 + 0 - 1/6*a**i + 5*a. Give x(-4).
-5
Suppose 0 = 5*x + 5*i + 95, -2*x - 3*i + 22 = 65. Let p(h) = -h - 18. Determine p(x).
-4
Let w(j) be the third derivative of 0*j + 1/60*j**5 + 0 - 7/6*j**3 + 13*j**2 - 1/24*j**4. What is w(0)?
-7
Suppose -6*j + j = 150. Let h be j/(-8) - (-4)/16. Let u(k) be the third derivative of k**6/120 - k**5/20 - 5*k**4/24 + k**3/6 + 5*k**2. Determine u(h).
-3
Let u(i) = -1 - 1 - i + 3 + 2*i. Let r(m) = 5*m + 6. Let q(x) = r(x) - 6*u(x). What is q(-5)?
5
Let v be -4*(2 - (-3)/(-1)). Let h(g) = 0 - 56*g + v + 59*g. Suppose -9 = 4*r - r. Calculate h(r).
-5
Let n(l) = -19*l + 16. Let w(c) = 7*c - 5. Let f(d) = -3*n(d) - 8*w(d). Calculate f(13).
5
Let a = 593 + -596. Let v(x) = -2*x + 3. What is v(a)?
9
Let c(t) = 12*t - 16. Let j(k) = -2*k + 1. Let l(b) = -c(b) - 5*j(b). Give l(8).
-5
Let o(h) = h + 1. Let p(n) be the third derivative of 0 + 0*n - 1/60*n**5 + 2*n**3 + 1/4*n**4 + 4*n**2. Let s be p(7). Give o(s).
6
Let b(u) be the third derivative of 0 - 26*u**2 - 1/6*u**3 + 0*u + 1/24*u**4. Determine b(5).
4
Let r(j) = j. Let s(m) = 3*m + 12. Let d be s(-4). Let a be r(d). Let n(y) = 27*y - y**2 - 20*y + a*y**2 - 6. Calculate n(5).
4
Let b(i) be the second derivative of i**3/6 + 8*i**2 + 831*i. Give b(8).
24
Let q be (3 + (-14)/4)*0. Let h be 0 - (-1 + 1) - q. Let p(s) = -2 - s**3 + 0*s + 3*s - 2*s. Calculate p(h).
-2
Let j = -1 - -7. Let t(o) be the first derivative of -o**4/4 + 7*o**3/3 - 7*o**2/2 - 3*o + 357. Calculate t(j).
-9
Let i be (2/(-3)*-1)/((-2)/(-6)). Let c = 2 + 3. Let h(o) = -o**3 - 6*o + 2*o**i - 4 + c*o**2 + 1 + 0*o. Give h(6).
-3
Suppose f - 170 + 168 = 0. Let t(s) be the first derivative of s - 5 + 1/2*s**f. Determine t(6).
7
Let s(q) = 3. Let h(a) = a + 4. Let r(c) = 2*h(c) - 3*s(c). Let b = -131 + 130. Determine r(b).
-3
Let j(k) be the first derivative of k**4/4 + 2*k**3/3 - k + 355. Determine j(-3).
-10
Let i(w) = 11*w**2 - 1. Let b = -23 - -23. Suppose -3*x - 18 = -3*q - b, 0 = -5*x - 5*q + 20. What is i(x)?
10
Let u(h) = 0 + 2 - 10*h**2 + 8*h**2 - h + 3*h**2. Suppose 2*x - 2*a + 8 = 0, 5*x + 2 = -6*a + 2*a. Calculate u(x).
8
Let s(z) = 12*z + 3. Let i(p) = -11*p - 2. Let o(a) = 6*i(a) + 5*s(a). Suppose 26 + 4 = 5*r. Let c be r + -8 - (-3 - 2). Determine o(c).
-15
Let z(p) = -3*p + 7. Suppose 36 + 48 = 21*m. Give z(m).
-5
Let w(j) = 37*j + 28*j + 1 - 59*j. Give w(-5).
-29
Let d(f) be the second derivative of -f**5/20 - f**4/4 + 2*f**3/3 + 3*f**2 + 5*f. Let r(x) = -2*x**2 - 11*x + 2. Let v be r(-6). Give d(v).
6
Let d be 11/(22/6) - 22/2. Let a(n) = -n + 9. Determine a(d).
17
Let i(u) = u**3 - 5*u**2 + 3*u + 5. Let z be i(4). Let g(m) = -8885*m + 1 + 4446*m + 4438*m. Let o(k) = -5*k + 3. Let w(x) = z*o(x) - 6*g(x). Calculate w(2).
-1
Let u(z) = -6*z - 75. Let m be u(-11). Let p(l) = -l**2 - 9*l - 3. Determine p(m).
-3
Let j(z) = -z**3 + 7*z**2 - 12*z + 5. Let u be -10 + 84/7 - 9/(-3). What is j(u)?
-5
Let a(w) = -13*w**2 - 2*w + 1. Let u(x) = 17*x**2 + x - 2. Let c(j) = 4*a(j) + 3*u(j). Let d(k) = -4*k + 1. Let q be d(1). Determine c(q).
4
Let y be (-16)/12 + (-2)/(-18)*3. Let n(k) = k**3 - 3*k**2 - 5*k - 2. Let b(m) = -m + 1. Let c(j) = y*n(j) + 3*b(j). What is c(4)?
-3
Let f(a) be the second derivative of a**4/12 - a**3/3 + 3*a**2 - 60*a - 1. Calculate f(4).
14
Let k(z) = -z**3 - 3*z**2 - 5*z - 3. Suppose -3*s + 12 = 5*n + 46, 2*s - 6*n = 24. Calculate k(s).
12
Suppose 0 = -n - 2*n - 30. Let y = -2 - n. Suppose y*t = 7*t - 6. Let j(w) = 4*w + 6. Calculate j(t).
-18
Let q(b) = -b + 5. Let v(d) = -9*d**2 - 3*d. Let j be v(-2). Let i = -25 - j. Suppose 0 = 6*z + i - 29. Calculate q(z).
1
Let x(r) = 2*r**3 + 3*r**2 + 2*r + 3. Let a(m) = -m**3 + 14*m**2 - 12*m - 15. Let g be a(13). What is x(g)?
-5
Let i(o) be the second derivative of 1/12*o**4 - 3*o**2 + 20*o - 5/6*o**3 + 0. Determine i(7).
8
Let h(b) = b**3 + 10*b**2 - 14*b - 4. Let z(l) = -3*l**3 - 21*l**2 + 39*l + 9. Let k(r) = 5*h(r) + 2*z(r). Let w = 6 - -3. What is k(w)?
-11
Let j(f) be the third derivative of -f**4/12 + 2*f**3/3 - 94*f**2. Let t be (-1)/(-2 + (-14)/(-6)). Determine j(t).
10
Let k(d) = 2*d - 10. Let f(y) = -y + 16. Let n be f(9). Let s be k(n). Let t(q) = -q**2 + 2*q + 3. Determine t(s).
-5
Let x(m) be the second derivative of 1/20*m**5 + 1/3*m**4 + 0 - 1/2*m**2 - 7*m - 1/3*m**3. Let a = 4 - 8. Give x(a).
7
Suppose 7*g - 11*g + 4 = 0. Let t = g - -3. Let i(u) = -9*u - 2 + 0 + 3*u**2 + 7*u + t*u. Give i(-2).
6
Let w(n) = -3*n**2 + 9*n - 2. Let y be (168/63)/((-8)/(-9)). What is w(y)?
-2
Let v(x) = -2*x - 6. Let n(b) = -4*b**3 + 5*b**2 - 5*b - 1. Let w be n(3). Let s = w + 73. Give v(s).
6
Suppose 16 = -2*q + 2*s, 0 = -5*q + 3*s - 2*s - 40. Let x(i) = i + 11. What is x(q)?
3
Let a = 10 - 14. Let u(g) = 9*g - 7. Let l(m) = -8*m + 7. Let p(x) = 6*l(x) + 5*u(x). Let y(q) = -4*q + 10. Let s(o) = -7*p(o) + 5*y(o). Determine s(a).
-3
Let c be 2 - (2/(-8) + (-94)/8). Suppose -9 = -13*f + c*f. Let l(q) = q**2 + 9*q + 7. Calculate l(f).
7
Suppose 0 = 2*h + 3*h - 15. Suppose 2*x + 4*g = -8, -h*x - g + 11 + 2 = 0. Let m(p) = -p**2 - 2 - x*p + 3*p**2 - 3*p**2. Calculate m(-5).
3
Let k = 275 + -270. Let l(a) = 13*a + 4 - 10*a + 0 + 4*a**2 - a**3. Determine l(k).
-6
Let s = -7 + 11. Let c be -3*s/24*-18. Let r(d) = d**2 - 11*d + 11. What is r(c)?
-7
Let a(u) = 6*u + u**3 + 8*u + 19 + 8 - 35 - 15*u**2 + 23. Determine a(14).
15
Let q be 0*3*(-1)/(-3). Suppose -5*b + 4 = -6. Let z(t) = -1 - 3 + t + 0*t + t**b. Give z(q).
-4
Let f(l) = l + 8. Suppose 0 = 2*u - 2*v + 6, 3*v + 22 + 5 = -3*u. Determine f(u).
2
Suppose p - 4 = 5*x, 0 = -2*p + x + 3*x + 8. Let u(r) be the third derivative of r**4/8 - r**3 - r**2. Determine u(p).
6
Let s(u) = -u**2 + u - 1. Let c(v) = v**3 + 4*v**2 - 5*v + 4. Let i(j) = -c(j) - 4*s(j). Calculate i(-1).
0
Let x(z) be the first derivative of z**2/2 + 4. Let r = 16 + -16. Let p be (r + -1)/(-3 + 2). Give x(p).
1
Let z(g) = -5*g - 7. Let q(p) = -4*p - 6. Let v(r) = -6*q(r) + 5*z(r). Calculate v(2).
-1
Suppose -5*q + 2*y - 15 = -50, 4*q + 4*y = 0. Let n(g) = 15*g - 1. Let b(z) = 7*z - 1. Let w(d) = -13*b(d) + 6*n(d). Calculate w(q).
2
Suppose 2*c + 2 = 0, 3*j + c - 23 = -j. Let l(i) = -i**3 + 5*i**2 + 9*i - 7. Calculate l(j).
11
Let b be 1/1 - 3 - -14. Let i = -18 + b. Let r(t) = -t**3 - 5*t**2 + 5*t - 1. Let w be r(i). Let h(f) = f + 3. Calculate h(w).
8
Let l(j) = -j**2 + j - 2. Let h(d) = -14*d - 182. Let a be h(-13). Calculate l(a).
-2
Let s be 42 - (0/2 - 2). Suppose 5*v - 38 = -t, v - 6*v + s = -2*t. Suppose 6*n - v*n = 2. Let g(d) = 7*d - 1. What is g(n)?
-8
Let m(i) = 3*i + 7. Let j(c) = 2*c**2 - 6*c - 30. Let g be j(6). Calculate m(g).
25
Suppose -9*t + 26 = -1. Let h(k) = k**3 - 3*k**2 + 3*k - 6. Determine h(t).
3
Let q(h) = -h**3 - 6*h**2 - 43*h - 31*h - 3 + 77*h. Give q(-6).
-21
Let m(b) = 4*b + 11. Let f = -318 - -312. Calculate m(f).
-13
Let g(q) = -7*q**2 - 4*q + 11. Let i(f) = 8*f**2 + 6 - 21 + 3 + 4*f. Let z(c) = 7*g(c) + 6*i(c). Let r(l) = l**3 - 4*l**2 - 6*l. Let w be r(5). Give z(w).
0
Let r(y) = y**3 + 10*y**2 + 7*y - 12. Let a be (-15*48/40)/(2 + 0). Calculate r(a).
6
Let k(d) be the second deriva